{"id":745,"date":"2021-11-18T09:37:54","date_gmt":"2021-11-18T09:37:54","guid":{"rendered":"https:\/\/kita-schatztruhe.info\/?page_id=745"},"modified":"2021-11-26T12:33:42","modified_gmt":"2021-11-26T12:33:42","slug":"unsere-einrichtung","status":"publish","type":"page","link":"https:\/\/kita-schatztruhe.info\/?page_id=745","title":{"rendered":"Unsere Einrichtung"},"content":{"rendered":"\n<figure class=\"wp-block-image size-large\"><img loading=\"lazy\" width=\"1024\" height=\"399\" src=\"https:\/\/kita-schatztruhe.info\/wp-content\/uploads\/2017\/04\/Haus-front-1024x399.jpg\" alt=\"\" class=\"wp-image-68\" srcset=\"https:\/\/kita-schatztruhe.info\/wp-content\/uploads\/2017\/04\/Haus-front-1024x399.jpg 1024w, https:\/\/kita-schatztruhe.info\/wp-content\/uploads\/2017\/04\/Haus-front-300x117.jpg 300w, https:\/\/kita-schatztruhe.info\/wp-content\/uploads\/2017\/04\/Haus-front-768x300.jpg 768w\" sizes=\"(max-width: 1024px) 100vw, 1024px\" \/><\/figure>\n\n\n\n<p><strong>Hier sind wir:<\/strong><\/p>\n\n\n\n<p>Unsere Kita befindet sich hinter der \u00f6stlichen Stadtgrenze Berlins, in der Gemeinde Hoppegarten (H\u00f6now).<\/p>\n\n\n\n<p>Trotz der Stadtn\u00e4he ist die Lage der Kindertagesst\u00e4tte durch eine Weiherkette, W\u00e4lder und Felder landschaftlich sehr reizvoll. Viele Berliner zieht es in diese brandenburgische Umgebung. Zahlreiche neue Ein- und Mehrfamilienh\u00e4user zeugen von der Attraktivit\u00e4t H\u00f6nows als Wohnort.<\/p>\n\n\n\n<p>Der ansprechende Neubau wurde 2013 in Betrieb genommen. Und besticht mit der ruhigen, gr\u00fcnen Lage und dem gro\u00dfen Garten. Von hier aus k\u00f6nnen zahlreiche, spannende Ausfl\u00fcge mit den Kindern gestartet werden. Es k\u00f6nnen bis zu 167 Kinder liebevoll betreut werden.<\/p>\n\n\n\n<p>Mit der U-Bahn (Endstation der U5) und den Buslinien 941 und 943 sind wir verkehrstechnisch g\u00fcnstig zu erreichen.<\/p>\n\n\n\n<p><strong>\u00d6ffnungszeiten\/Schlie\u00dftage:<\/strong><\/p>\n\n\n\n<p>Unsere Kita ist ganzj\u00e4hrig ge\u00f6ffnet. Die t\u00e4glichen \u00d6ffnungszeiten erstrecken sich von Montag bis Donnerstag von 6.00 \u2013 17.30 Uhr und freitags von 6.00-17.00 Uhr. <\/p>\n\n\n\n<p>Zwischen Weihnachten und Neujahr, sowie an eventuellen Br\u00fcckentagen haben wir geschlossen. An zwei weiteren Tagen im Jahr ist die Kita wegen Fortbildungsma\u00dfnahmen f\u00fcr die ErzieherInnen geschlossen. Zus\u00e4tzlich findet in den Sommermonaten ein zweiw\u00f6chiger eingeschr\u00e4nkter Betrieb statt. Die genauen Informationen zu den Schlie\u00dftagen erhalten Sie fr\u00fchzeitig im Vorjahr.<\/p>\n\n\n\n<p><strong>Tr\u00e4ger:<\/strong><\/p>\n\n\n\n<p>Tr\u00e4ger unserer Einrichtung ist die Gemeinde Hoppegarten. M\u00f6chten Sie Ihr Kind f\u00fcr einen Kitaplatz in unserer Einrichtung anmelden? Dann melden Sie sich f\u00fcr die Anfrage und Vergabe von Kitapl\u00e4tzen an die Gemeinde Hoppegarten, Fachbereich IV, Lindenallee 14 in 15366 Hoppegarten.<\/p>\n\n\n\n<p>Wir freuen uns darauf Sie und Ihr Kind in unserer Einrichtung willkommen zu hei\u00dfen!<\/p>\n\n\n\n<figure class=\"wp-block-image size-large\"><img loading=\"lazy\" width=\"1024\" height=\"467\" src=\"https:\/\/kita-schatztruhe.info\/wp-content\/uploads\/2017\/04\/Haus-back-1024x467.jpg\" alt=\"\" class=\"wp-image-67\" srcset=\"https:\/\/kita-schatztruhe.info\/wp-content\/uploads\/2017\/04\/Haus-back-1024x467.jpg 1024w, https:\/\/kita-schatztruhe.info\/wp-content\/uploads\/2017\/04\/Haus-back-300x137.jpg 300w, https:\/\/kita-schatztruhe.info\/wp-content\/uploads\/2017\/04\/Haus-back-768x350.jpg 768w\" sizes=\"(max-width: 1024px) 100vw, 1024px\" \/><\/figure>\n","protected":false},"excerpt":{"rendered":"<p>Hier sind wir: Unsere Kita befindet sich hinter der \u00f6stlichen Stadtgrenze Berlins, in der Gemeinde Hoppegarten (H\u00f6now). Trotz der Stadtn\u00e4he ist die Lage der Kindertagesst\u00e4tte durch eine Weiherkette, W\u00e4lder und Felder landschaftlich sehr reizvoll. Viele Berliner zieht es in diese brandenburgische Umgebung. Zahlreiche neue Ein- und Mehrfamilienh\u00e4user zeugen von der Attraktivit\u00e4t H\u00f6nows als Wohnort. Der &hellip; <a href=\"https:\/\/kita-schatztruhe.info\/?page_id=745\" class=\"more-link\"><span class=\"screen-reader-text\">Unsere Einrichtung<\/span> weiterlesen<\/a><\/p>\n","protected":false},"author":1,"featured_media":0,"parent":0,"menu_order":0,"comment_status":"closed","ping_status":"closed","template":"","meta":[],"_links":{"self":[{"href":"https:\/\/kita-schatztruhe.info\/index.php?rest_route=\/wp\/v2\/pages\/745"}],"collection":[{"href":"https:\/\/kita-schatztruhe.info\/index.php?rest_route=\/wp\/v2\/pages"}],"about":[{"href":"https:\/\/kita-schatztruhe.info\/index.php?rest_route=\/wp\/v2\/types\/page"}],"author":[{"embeddable":true,"href":"https:\/\/kita-schatztruhe.info\/index.php?rest_route=\/wp\/v2\/users\/1"}],"replies":[{"embeddable":true,"href":"https:\/\/kita-schatztruhe.info\/index.php?rest_route=%2Fwp%2Fv2%2Fcomments&post=745"}],"version-history":[{"count":6,"href":"https:\/\/kita-schatztruhe.info\/index.php?rest_route=\/wp\/v2\/pages\/745\/revisions"}],"predecessor-version":[{"id":777,"href":"https:\/\/kita-schatztruhe.info\/index.php?rest_route=\/wp\/v2\/pages\/745\/revisions\/777"}],"wp:attachment":[{"href":"https:\/\/kita-schatztruhe.info\/index.php?rest_route=%2Fwp%2Fv2%2Fmedia&parent=745"}],"curies":[{"name":"wp","href":"https:\/\/api.w.org\/{rel}","templated":true}]}}